{"id":49,"date":"2021-06-06T10:41:24","date_gmt":"2021-06-06T13:41:24","guid":{"rendered":"https:\/\/www.consultorasegon.com.ar\/web\/?page_id=49"},"modified":"2021-06-09T12:21:38","modified_gmt":"2021-06-09T15:21:38","slug":"clientes","status":"publish","type":"page","link":"https:\/\/www.consultorasegon.com.ar\/web\/clientes\/","title":{"rendered":"Clientes"},"content":{"rendered":"<p>[et_pb_section fb_built=\u00bb1&#8243; custom_padding_last_edited=\u00bbon|phone\u00bb admin_label=\u00bbHeader\u00bb _builder_version=\u00bb4.9.4&#8243; use_background_color_gradient=\u00bbon\u00bb background_color_gradient_start=\u00bbrgba(0,0,0,0.26)\u00bb background_color_gradient_end=\u00bbrgba(0,0,0,0)\u00bb background_color_gradient_overlays_image=\u00bbon\u00bb background_image=\u00bbhttps:\/\/www.consultorasegon.com.ar\/web\/wp-content\/uploads\/2021\/06\/bg_08.jpg\u00bb custom_padding=\u00bb||307px||false|false\u00bb custom_padding_tablet=\u00bb||220px||false|false\u00bb custom_padding_phone=\u00bb||200px||false|false\u00bb locked=\u00bboff\u00bb][et_pb_row _builder_version=\u00bb4.4.8&#8243;][et_pb_column type=\u00bb4_4&#8243; _builder_version=\u00bb4.4.8&#8243;][et_pb_text admin_label=\u00bbTexto\u00bb _builder_version=\u00bb4.9.4&#8243; header_font=\u00bb|700|||||||\u00bb header_font_size=\u00bb40px\u00bb header_line_height=\u00bb1.1em\u00bb header_2_text_color=\u00bb#000000&#8243; header_2_font_size=\u00bb48px\u00bb header_2_line_height=\u00bb1.1em\u00bb text_orientation=\u00bbcenter\u00bb background_layout=\u00bbdark\u00bb max_width=\u00bb795px\u00bb module_alignment=\u00bbcenter\u00bb header_font_size_tablet=\u00bb42px\u00bb header_font_size_phone=\u00bb36px\u00bb header_font_size_last_edited=\u00bbon|phone\u00bb header_2_font_size_tablet=\u00bb32px\u00bb header_2_font_size_phone=\u00bb22px\u00bb header_2_font_size_last_edited=\u00bbon|phone\u00bb]<\/p>\n<h1>Clientes<\/h1>\n<p>[\/et_pb_text][\/et_pb_column][\/et_pb_row][\/et_pb_section][et_pb_section fb_built=\u00bb1&#8243; admin_label=\u00bbContact\u00bb _builder_version=\u00bb4.4.8&#8243; custom_padding=\u00bb||13px|||\u00bb locked=\u00bboff\u00bb][et_pb_row column_structure=\u00bb1_2,1_2&#8243; _builder_version=\u00bb4.9.4&#8243; background_color=\u00bb#ffffff\u00bb custom_margin=\u00bb-220px||||false|false\u00bb custom_padding=\u00bb0px||0px||true|false\u00bb][et_pb_column type=\u00bb1_2&#8243; _builder_version=\u00bb4.4.9&#8243; custom_padding=\u00bb50px||50px|50px|true|false\u00bb custom_padding_tablet=\u00bb50px|30px|50px|30px|true|true\u00bb custom_padding_phone=\u00bb30px|20px|30px|20px|true|true\u00bb custom_padding_last_edited=\u00bbon|phone\u00bb][et_pb_blurb title=\u00bbSALTA\u00bb use_icon=\u00bbon\u00bb font_icon=\u00bb%%259%%\u00bb icon_color=\u00bb#3bc1c4&#8243; icon_placement=\u00bbleft\u00bb use_icon_font_size=\u00bbon\u00bb icon_font_size=\u00bb24px\u00bb _builder_version=\u00bb4.9.4&#8243; header_font=\u00bb|700|||||||\u00bb header_text_color=\u00bb#18396a\u00bb header_font_size=\u00bb16px\u00bb header_line_height=\u00bb1.3em\u00bb body_line_height=\u00bb1.8em\u00bb custom_margin=\u00bb||11px|||\u00bb animation=\u00bboff\u00bb hover_enabled=\u00bb0&#8243; header_font_size_tablet=\u00bb18px\u00bb header_font_size_phone=\u00bb\u00bb header_font_size_last_edited=\u00bbon|tablet\u00bb locked=\u00bboff\u00bb sticky_enabled=\u00bb0&#8243;][\/et_pb_blurb][et_pb_divider color=\u00bbrgba(0,0,0,0.12)\u00bb divider_weight=\u00bb1px\u00bb _builder_version=\u00bb4.4.8&#8243; height=\u00bb1px\u00bb custom_margin=\u00bb||21px|||\u00bb][\/et_pb_divider][et_pb_text _builder_version=\u00bb4.9.4&#8243; _module_preset=\u00bbdefault\u00bb custom_margin=\u00bb||14px|||\u00bb]\u2022    BORAX ARGENTINA S.A.<br \/>\n\u2022    MINERA DEL ALTIPLANO S.A.<br \/>\n\u2022    CENTRAL TERMICA GUEMES S.A.<br \/>\n\u2022    SANATORIO EL CARMEN S.A.<br \/>\n\u2022    INGENIO SAN MARTIN DEL TABACAL S.A.<br \/>\n\u2022    HOTEL SALTA S.A.<br \/>\n\u2022    HOTEL COLONIAL S.R.L.<br \/>\n\u2022    SALTA REFRESCOS S.A.<br \/>\n\u2022    HIJOS DE SALVADOR MU\u00d1OZ S.A.<br \/>\n\u2022    TUBONOR S.A.<br \/>\n\u2022    FEDERACION EMPRESARIA SALTE\u00d1A<br \/>\n\u2022    MUNICIPALIDAD DE LA CIUDAD DE SALTA<br \/>\n\u2022    MUNICIPALIDAD DE SAN LORENZO<br \/>\n\u2022    CLUB 20 DE FEBRERO<br \/>\n\u2022    CENTRO DEL NORTE S.A.<br \/>\n\u2022    CONSEJO PROF. ARQ. ING. Y PROF. AFINES DE SALTA<br \/>\n\u2022    EMPRESA DE TRANSPORTE URBANO EL CONDOR S.A.<br \/>\n\u2022    EL TIPAL CLUB DE CAMPO<br \/>\n\u2022    SAETA (Servicio de Transporte Publico de Salta)<br \/>\n\u2022    MINISTERIO EDUCACION DE LA PROVINCIA DE SALTA<br \/>\n\u2022    SAVICOR S.A.<br \/>\n\u2022    GANADERA VALLE DE ANTA S.A.<br \/>\n\u2022    SPORTING CLUB<br \/>\n\u2022    CIRCULO MEDICO DE SALTA<br \/>\n\u2022    ASEMBAL<br \/>\n\u2022    ESTUDIO CONTABLE HADDAD<br \/>\n\u2022    CONSULTORA PLUS S.A.<br \/>\n\u2022    ESTUDIO CONTABLE \u2013 JURIDICO JANDULA<br \/>\n\u2022    AGREMIACION DOCENTE PROVINCIAL \u2013 SALTA<br \/>\n\u2022    MUNICIPALIDAD DE LA VI\u00d1A<br \/>\n\u2022    INSTITUTO EDUCATIVO GRAL. G\u00dcEMES<br \/>\n\u2022    BANCO MACRO S.A.<br \/>\n\u2022    CURTIEMBRE ARLEI S.A.<br \/>\n\u2022    HORIZONTES S.A. (Diario El Tribuno)<br \/>\n\u2022    ENJASA S.A.<br \/>\n\u2022    OSDE<br \/>\n\u2022    AOTA (Tabacalera)<br \/>\n\u2022    EDESA (Empresa de electricidad)<br \/>\n\u2022    GIACOMO FAZIO S.A. (Empresa Constructora)<br \/>\n\u2022    TERMOANDES AES Gener (Empresa Generadora de Electricidad)<br \/>\n\u2022    ESTANCIA LOS MIRCOS<br \/>\n\u2022    PETROANDINA S.R.L.<br \/>\n\u2022    COLEGIO SANTA MARIA<br \/>\n\u2022    PRODESA (Administraci\u00f3n de campos)<br \/>\n\u2022    OIEL S.A<br \/>\n\u2022    COMPA\u00d1\u00cdA AGRICOLA INDUSTRIAL SALTE\u00d1A S.A. (CAISA)<br \/>\n\u2022    EL MIRADOR S.A. (Cementerio de la Divina Misericordia)[\/et_pb_text][\/et_pb_column][et_pb_column type=\u00bb1_2&#8243; _builder_version=\u00bb4.9.4&#8243; background_color=\u00bb#FFFFFF\u00bb transform_translate=\u00bb1px|0px\u00bb transform_translate_linked=\u00bboff\u00bb custom_padding=\u00bb32px|48px|32px|48px|true|true\u00bb custom_padding_tablet=\u00bb|30px||30px|true|true\u00bb custom_padding_phone=\u00bb|20px||20px|true|true\u00bb custom_padding_last_edited=\u00bbon|phone\u00bb][et_pb_blurb title=\u00bbJUJUY\u00bb use_icon=\u00bbon\u00bb font_icon=\u00bb%%259%%\u00bb icon_color=\u00bb#3bc1c4&#8243; icon_placement=\u00bbleft\u00bb use_icon_font_size=\u00bbon\u00bb icon_font_size=\u00bb24px\u00bb _builder_version=\u00bb4.9.4&#8243; header_font=\u00bb|700|||||||\u00bb header_text_color=\u00bb#18396a\u00bb header_font_size=\u00bb16px\u00bb header_line_height=\u00bb1.3em\u00bb body_line_height=\u00bb1.8em\u00bb custom_margin=\u00bb||11px|||\u00bb animation=\u00bboff\u00bb hover_enabled=\u00bb0&#8243; header_font_size_tablet=\u00bb18px\u00bb header_font_size_phone=\u00bb\u00bb header_font_size_last_edited=\u00bbon|tablet\u00bb locked=\u00bboff\u00bb sticky_enabled=\u00bb0&#8243;][\/et_pb_blurb][et_pb_divider color=\u00bbrgba(0,0,0,0.12)\u00bb divider_weight=\u00bb1px\u00bb _builder_version=\u00bb4.9.4&#8243; height=\u00bb1px\u00bb][\/et_pb_divider][et_pb_text _builder_version=\u00bb4.9.4&#8243; _module_preset=\u00bbdefault\u00bb custom_margin=\u00bb||31px|||\u00bb]\u2022    CLINICA SAN JOSE \u2013 San Pedro de Jujuy<br \/>\n\u2022    JUJUY REFRESCOS S.A.<br \/>\n\u2022    COLEGIO DE INGENIEROS DE JUJUY<br \/>\n\u2022    COLEGIO DE CIENCIAS ECONOMICAS DE JUJUY<br \/>\n\u2022    UNION INDUSTRIAL DE JUJUY[\/et_pb_text][et_pb_blurb title=\u00bbTUCUM\u00c1N\u00bb use_icon=\u00bbon\u00bb font_icon=\u00bb%%259%%\u00bb icon_color=\u00bb#3bc1c4&#8243; icon_placement=\u00bbleft\u00bb use_icon_font_size=\u00bbon\u00bb icon_font_size=\u00bb24px\u00bb _builder_version=\u00bb4.9.4&#8243; header_font=\u00bb|700|||||||\u00bb header_text_color=\u00bb#18396a\u00bb header_font_size=\u00bb16px\u00bb header_line_height=\u00bb1.3em\u00bb body_line_height=\u00bb1.8em\u00bb custom_margin=\u00bb||11px|||\u00bb animation=\u00bboff\u00bb hover_enabled=\u00bb0&#8243; header_font_size_tablet=\u00bb18px\u00bb header_font_size_phone=\u00bb\u00bb header_font_size_last_edited=\u00bbon|tablet\u00bb locked=\u00bboff\u00bb sticky_enabled=\u00bb0&#8243;][\/et_pb_blurb][et_pb_divider color=\u00bbrgba(0,0,0,0.12)\u00bb divider_weight=\u00bb1px\u00bb _builder_version=\u00bb4.9.4&#8243; height=\u00bb1px\u00bb][\/et_pb_divider][et_pb_text _builder_version=\u00bb4.9.4&#8243; _module_preset=\u00bbdefault\u00bb custom_margin=\u00bb||37px|||\u00bb]\u2022    SOCIEDAD AGUAS DE TUCUMAN S.A.<br \/>\n\u2022    GOBIERNO DE LA PROVINCIA DE TUCUMAN<br \/>\n\u2022    MUNICIPALIDAD DE LA CIUDAD DE TUCUMAN<br \/>\n\u2022    REFINOR S.A.[\/et_pb_text][et_pb_blurb title=\u00bbBUENOS AIRES\u00bb use_icon=\u00bbon\u00bb font_icon=\u00bb%%259%%\u00bb icon_color=\u00bb#3bc1c4&#8243; icon_placement=\u00bbleft\u00bb use_icon_font_size=\u00bbon\u00bb icon_font_size=\u00bb24px\u00bb _builder_version=\u00bb4.9.4&#8243; header_font=\u00bb|700|||||||\u00bb header_text_color=\u00bb#18396a\u00bb header_font_size=\u00bb16px\u00bb header_line_height=\u00bb1.3em\u00bb body_line_height=\u00bb1.8em\u00bb custom_margin=\u00bb||11px|||\u00bb animation=\u00bboff\u00bb hover_enabled=\u00bb0&#8243; header_font_size_tablet=\u00bb18px\u00bb header_font_size_phone=\u00bb\u00bb header_font_size_last_edited=\u00bbon|tablet\u00bb locked=\u00bboff\u00bb sticky_enabled=\u00bb0&#8243;][\/et_pb_blurb][et_pb_divider color=\u00bbrgba(0,0,0,0.12)\u00bb divider_weight=\u00bb1px\u00bb _builder_version=\u00bb4.9.4&#8243; height=\u00bb1px\u00bb][\/et_pb_divider][et_pb_text _builder_version=\u00bb4.9.4&#8243; _module_preset=\u00bbdefault\u00bb custom_margin=\u00bb-9px||43px|||\u00bb]\u2022    MERCER ARGENTINA S.A. (Gerenciamiento Red Previsional)<br \/>\n\u2022    GOBIERNO DE LA CIUDAD AUTONOMA DE BUENOS AIRES<br \/>\n\u2022    ObSBA (Obra Social de Empleados de la Ciudad de Bs. As.)<br \/>\n\u2022    LEGISLATURA DE LA CIUDAD AUTONOMA DE BS. AS.<br \/>\n\u2022    AUSA (Autopistas Urbanas S.A.)[\/et_pb_text][\/et_pb_column][\/et_pb_row][\/et_pb_section]<\/p>\n","protected":false},"excerpt":{"rendered":"<p>[et_pb_section fb_built=\u00bb1&#8243; custom_padding_last_edited=\u00bbon|phone\u00bb admin_label=\u00bbHeader\u00bb _builder_version=\u00bb4.9.4&#8243; use_background_color_gradient=\u00bbon\u00bb background_color_gradient_start=\u00bbrgba(0,0,0,0.26)\u00bb background_color_gradient_end=\u00bbrgba(0,0,0,0)\u00bb background_color_gradient_overlays_image=\u00bbon\u00bb background_image=\u00bbhttps:\/\/www.consultorasegon.com.ar\/web\/wp-content\/uploads\/2021\/06\/bg_08.jpg\u00bb custom_padding=\u00bb||307px||false|false\u00bb custom_padding_tablet=\u00bb||220px||false|false\u00bb custom_padding_phone=\u00bb||200px||false|false\u00bb locked=\u00bboff\u00bb][et_pb_row _builder_version=\u00bb4.4.8&#8243;][et_pb_column type=\u00bb4_4&#8243; _builder_version=\u00bb4.4.8&#8243;][et_pb_text admin_label=\u00bbTexto\u00bb _builder_version=\u00bb4.9.4&#8243; header_font=\u00bb|700|||||||\u00bb header_font_size=\u00bb40px\u00bb header_line_height=\u00bb1.1em\u00bb header_2_text_color=\u00bb#000000&#8243; header_2_font_size=\u00bb48px\u00bb header_2_line_height=\u00bb1.1em\u00bb text_orientation=\u00bbcenter\u00bb background_layout=\u00bbdark\u00bb max_width=\u00bb795px\u00bb module_alignment=\u00bbcenter\u00bb header_font_size_tablet=\u00bb42px\u00bb header_font_size_phone=\u00bb36px\u00bb header_font_size_last_edited=\u00bbon|phone\u00bb header_2_font_size_tablet=\u00bb32px\u00bb header_2_font_size_phone=\u00bb22px\u00bb header_2_font_size_last_edited=\u00bbon|phone\u00bb] Clientes [\/et_pb_text][\/et_pb_column][\/et_pb_row][\/et_pb_section][et_pb_section fb_built=\u00bb1&#8243; admin_label=\u00bbContact\u00bb _builder_version=\u00bb4.4.8&#8243; custom_padding=\u00bb||13px|||\u00bb locked=\u00bboff\u00bb][et_pb_row column_structure=\u00bb1_2,1_2&#8243; _builder_version=\u00bb4.9.4&#8243; background_color=\u00bb#ffffff\u00bb custom_margin=\u00bb-220px||||false|false\u00bb custom_padding=\u00bb0px||0px||true|false\u00bb][et_pb_column type=\u00bb1_2&#8243; _builder_version=\u00bb4.4.9&#8243; custom_padding=\u00bb50px||50px|50px|true|false\u00bb custom_padding_tablet=\u00bb50px|30px|50px|30px|true|true\u00bb custom_padding_phone=\u00bb30px|20px|30px|20px|true|true\u00bb custom_padding_last_edited=\u00bbon|phone\u00bb][et_pb_blurb title=\u00bbSALTA\u00bb use_icon=\u00bbon\u00bb [&hellip;]<\/p>\n","protected":false},"author":2,"featured_media":0,"parent":0,"menu_order":0,"comment_status":"closed","ping_status":"closed","template":"","meta":{"_et_pb_use_builder":"on","_et_pb_old_content":"","_et_gb_content_width":"","footnotes":""},"_links":{"self":[{"href":"https:\/\/www.consultorasegon.com.ar\/web\/wp-json\/wp\/v2\/pages\/49"}],"collection":[{"href":"https:\/\/www.consultorasegon.com.ar\/web\/wp-json\/wp\/v2\/pages"}],"about":[{"href":"https:\/\/www.consultorasegon.com.ar\/web\/wp-json\/wp\/v2\/types\/page"}],"author":[{"embeddable":true,"href":"https:\/\/www.consultorasegon.com.ar\/web\/wp-json\/wp\/v2\/users\/2"}],"replies":[{"embeddable":true,"href":"https:\/\/www.consultorasegon.com.ar\/web\/wp-json\/wp\/v2\/comments?post=49"}],"version-history":[{"count":8,"href":"https:\/\/www.consultorasegon.com.ar\/web\/wp-json\/wp\/v2\/pages\/49\/revisions"}],"predecessor-version":[{"id":358,"href":"https:\/\/www.consultorasegon.com.ar\/web\/wp-json\/wp\/v2\/pages\/49\/revisions\/358"}],"wp:attachment":[{"href":"https:\/\/www.consultorasegon.com.ar\/web\/wp-json\/wp\/v2\/media?parent=49"}],"curies":[{"name":"wp","href":"https:\/\/api.w.org\/{rel}","templated":true}]}}